{"id":2180,"date":"2023-10-03T03:45:17","date_gmt":"2023-10-03T03:45:17","guid":{"rendered":"https:\/\/arsabelgonzalez.com\/?page_id=2180"},"modified":"2023-10-03T03:46:41","modified_gmt":"2023-10-03T03:46:41","slug":"lima","status":"publish","type":"page","link":"https:\/\/arsabelgonzalez.com\/index.php\/lima\/","title":{"rendered":"Lima"},"content":{"rendered":"\t\t<div data-elementor-type=\"wp-page\" data-elementor-id=\"2180\" class=\"elementor elementor-2180\" data-elementor-settings=\"{&quot;element_pack_global_tooltip_width&quot;:{&quot;unit&quot;:&quot;px&quot;,&quot;size&quot;:&quot;&quot;,&quot;sizes&quot;:[]},&quot;element_pack_global_tooltip_width_tablet&quot;:{&quot;unit&quot;:&quot;px&quot;,&quot;size&quot;:&quot;&quot;,&quot;sizes&quot;:[]},&quot;element_pack_global_tooltip_width_mobile&quot;:{&quot;unit&quot;:&quot;px&quot;,&quot;size&quot;:&quot;&quot;,&quot;sizes&quot;:[]},&quot;element_pack_global_tooltip_padding&quot;:{&quot;unit&quot;:&quot;px&quot;,&quot;top&quot;:&quot;&quot;,&quot;right&quot;:&quot;&quot;,&quot;bottom&quot;:&quot;&quot;,&quot;left&quot;:&quot;&quot;,&quot;isLinked&quot;:true},&quot;element_pack_global_tooltip_padding_tablet&quot;:{&quot;unit&quot;:&quot;px&quot;,&quot;top&quot;:&quot;&quot;,&quot;right&quot;:&quot;&quot;,&quot;bottom&quot;:&quot;&quot;,&quot;left&quot;:&quot;&quot;,&quot;isLinked&quot;:true},&quot;element_pack_global_tooltip_padding_mobile&quot;:{&quot;unit&quot;:&quot;px&quot;,&quot;top&quot;:&quot;&quot;,&quot;right&quot;:&quot;&quot;,&quot;bottom&quot;:&quot;&quot;,&quot;left&quot;:&quot;&quot;,&quot;isLinked&quot;:true},&quot;element_pack_global_tooltip_border_radius&quot;:{&quot;unit&quot;:&quot;px&quot;,&quot;top&quot;:&quot;&quot;,&quot;right&quot;:&quot;&quot;,&quot;bottom&quot;:&quot;&quot;,&quot;left&quot;:&quot;&quot;,&quot;isLinked&quot;:true},&quot;element_pack_global_tooltip_border_radius_tablet&quot;:{&quot;unit&quot;:&quot;px&quot;,&quot;top&quot;:&quot;&quot;,&quot;right&quot;:&quot;&quot;,&quot;bottom&quot;:&quot;&quot;,&quot;left&quot;:&quot;&quot;,&quot;isLinked&quot;:true},&quot;element_pack_global_tooltip_border_radius_mobile&quot;:{&quot;unit&quot;:&quot;px&quot;,&quot;top&quot;:&quot;&quot;,&quot;right&quot;:&quot;&quot;,&quot;bottom&quot;:&quot;&quot;,&quot;left&quot;:&quot;&quot;,&quot;isLinked&quot;:true}}\">\n\t\t\t\t\t\t<section class=\"elementor-section elementor-top-section elementor-element elementor-element-8a19d94 elementor-section-boxed elementor-section-height-default elementor-section-height-default\" data-id=\"8a19d94\" data-element_type=\"section\">\n\t\t\t\t\t\t<div class=\"elementor-container elementor-column-gap-default\">\n\t\t\t\t\t<div class=\"elementor-column elementor-col-100 elementor-top-column elementor-element elementor-element-c664433\" data-id=\"c664433\" data-element_type=\"column\">\n\t\t\t<div class=\"elementor-widget-wrap elementor-element-populated\">\n\t\t\t\t\t\t<section class=\"elementor-section elementor-inner-section elementor-element elementor-element-d733a88 elementor-section-boxed elementor-section-height-default elementor-section-height-default\" data-id=\"d733a88\" data-element_type=\"section\">\n\t\t\t\t\t\t<div class=\"elementor-container elementor-column-gap-default\">\n\t\t\t\t\t<div class=\"elementor-column elementor-col-50 elementor-inner-column elementor-element elementor-element-b58f4d7\" data-id=\"b58f4d7\" data-element_type=\"column\">\n\t\t\t<div class=\"elementor-widget-wrap elementor-element-populated\">\n\t\t\t\t\t\t<div class=\"elementor-element elementor-element-f73f03c elementor-widget elementor-widget-html\" data-id=\"f73f03c\" data-element_type=\"widget\" data-widget_type=\"html.default\">\n\t\t\t\t<div class=\"elementor-widget-container\">\n\t\t\t\t\t<svg version=\"1.1\" xmlns=\"http:\/\/www.w3.org\/2000\/svg\" xmlns:xlink=\"http:\/\/www.w3.org\/1999\/xlink\" x=\"0px\" y=\"0px\" viewBox=\"0 0 243 153\" preserveAspectRatio=\"none\" data-gwd-grp-id=\"LIMA\" class=\"gwd-grp-g6uz gwd-svg-1qwk gwd-gen-zqaugwdanimation\">\r\n          <style type=\"text\/css\" class=\"gwd-grp-g6uz\">.st0{fill:#BED747}.st1{fill:#50B848}.st2{fill:#F0EAD8}<\/style>\r\n          <path class=\"st0 gwd-grp-g6uz\" d=\"M9,0h225c5,0,9,4,9,9v135c0,5-4,9-9,9H9c-5,0-9-4-9-9V9C0,4,4,0,9,0z\"><\/path>\r\n          <g class=\"gwd-grp-g6uz\">\r\n            <path class=\"st1 gwd-grp-g6uz\" d=\"M174.5,117.2h1.8v15.1h8.6v1.7h-10.4V117.2L174.5,117.2z\"><\/path>\r\n            <path class=\"st1 gwd-grp-g6uz\" d=\"M187.9,117.6c0.6,0,1.1,0.5,1.1,1.1s-0.5,1.1-1.1,1.1s-1.1-0.5-1.1-1.1S187.3,117.6,187.9,117.6z M187,122.5\r\n\t\th1.7V134H187V122.5z\"><\/path>\r\n            <path class=\"st1 gwd-grp-g6uz\" d=\"M192,122.5h1.7v1.4c0.2-0.3,0.5-0.6,0.8-0.8c0.6-0.4,1.3-0.8,2.5-0.8c1.4,0,2.3,0.5,2.9,1\r\n\t\tc0.3,0.3,0.6,0.6,0.8,1c0.2-0.4,0.5-0.7,0.9-1c0.6-0.5,1.6-1,3.1-1c2.5,0,4.4,1.7,4.4,4.9v6.8h-1.7v-6.8c0-2.2-1.2-3.4-2.9-3.4\r\n\t\ts-3.1,1.4-3.1,3.8v6.4h-1.7v-6.8c0-2.2-1.2-3.4-2.9-3.4s-3.1,1.4-3.1,3.8v6.4H192L192,122.5L192,122.5z\"><\/path>\r\n            <path class=\"st1 gwd-grp-g6uz\" d=\"M219.4,132.4c-0.2,0.3-0.6,0.6-0.9,0.9c-0.6,0.5-1.6,0.9-2.8,0.9c-2.4,0-4.1-1.7-4.1-3.4\r\n\t\tc0-1.9,1.2-3.1,3.4-3.5l4.4-0.7c0-1.7-1.2-2.9-2.9-2.9c-1,0-1.8,0.4-2.4,0.8c-0.3,0.3-0.6,0.5-0.9,0.8l-1.1-1.1\r\n\t\tc0.3-0.4,0.7-0.8,1.1-1.1c0.7-0.6,1.8-1.1,3.2-1.1c2.6,0,4.6,1.9,4.6,4.4v7.3h-1.7V132.4z M219.4,128.1l-4,0.7\r\n\t\tc-1.4,0.3-2.2,1-2.2,2c0,1,0.8,1.8,2.4,1.8c2.2,0,3.7-1.5,3.7-3.8L219.4,128.1L219.4,128.1z\"><\/path>\r\n          <\/g>\r\n          <g class=\"gwd-grp-g6uz\">\r\n            <path class=\"st2 gwd-grp-g6uz\" d=\"M30.5,15.1c1.6,0.3,3,1.5,3.2,3.1c0.1,0.7,0,1.4-0.4,2.1c-0.5,0.8-1.2,1.5-1.9,2.2l-3.9,3.9\r\n\t\tc-0.2,0.2-0.4,0.2-0.6,0l-3.9-3.9c-0.7-0.7-1.4-1.3-1.9-2.2c-0.4-0.7-0.5-1.3-0.4-2.1c0.2-1.6,1.6-2.9,3.2-3.1\r\n\t\tC24.5,15,30.1,15,30.5,15.1\"><\/path>\r\n            <path class=\"st2 gwd-grp-g6uz\" d=\"M30.5,39.5c1.6-0.3,3-1.5,3.2-3.1c0.1-0.7,0-1.4-0.4-2.1c-0.5-0.8-1.2-1.5-1.9-2.2l-3.9-3.9\r\n\t\tc-0.2-0.2-0.4-0.2-0.6,0l-3.9,3.9c-0.7,0.7-1.4,1.3-1.9,2.2c-0.4,0.7-0.5,1.3-0.4,2.1c0.2,1.7,1.6,2.9,3.2,3.1\r\n\t\tC24.5,39.6,30.1,39.6,30.5,39.5\"><\/path>\r\n            <path class=\"st2 gwd-grp-g6uz\" d=\"M15.1,24.1c0.3-1.6,1.5-3,3.1-3.2c0.7-0.1,1.4,0,2.1,0.4c0.8,0.5,1.5,1.2,2.2,1.9l3.9,3.9\r\n\t\tc0.2,0.2,0.2,0.4,0,0.6l-3.9,3.9c-0.7,0.7-1.3,1.4-2.2,1.9c-0.7,0.3-1.3,0.5-2.1,0.4c-1.6-0.2-2.9-1.6-3.1-3.2\r\n\t\tC15,30.1,15,24.5,15.1,24.1\"><\/path>\r\n            <path class=\"st2 gwd-grp-g6uz\" d=\"M39.5,24.1c-0.3-1.6-1.5-3-3.1-3.2c-0.7-0.1-1.4,0-2.1,0.4c-0.8,0.5-1.5,1.2-2.2,1.9L28.3,27\r\n\t\tc-0.2,0.2-0.2,0.4,0,0.6l3.9,3.9c0.7,0.7,1.3,1.4,2.2,1.9c0.7,0.3,1.3,0.5,2.1,0.4c1.7-0.2,2.9-1.6,3.1-3.2\r\n\t\tC39.6,30.1,39.6,24.5,39.5,24.1\"><\/path>\r\n          <\/g>\r\n        <\/svg>\t\t\t\t<\/div>\n\t\t\t\t<\/div>\n\t\t\t\t<div class=\"elementor-element elementor-element-7e98f1e elementor-widget elementor-widget-heading\" data-id=\"7e98f1e\" data-element_type=\"widget\" data-widget_type=\"heading.default\">\n\t\t\t\t<div class=\"elementor-widget-container\">\n\t\t\t\t\t<h2 class=\"elementor-heading-title elementor-size-default\">Plan Lima Voluntario<\/h2>\t\t\t\t<\/div>\n\t\t\t\t<\/div>\n\t\t\t\t<div class=\"elementor-element elementor-element-7bd6b38 elementor-widget elementor-widget-button\" data-id=\"7bd6b38\" data-element_type=\"widget\" data-widget_type=\"button.default\">\n\t\t\t\t<div class=\"elementor-widget-container\">\n\t\t\t\t\t\t\t\t\t<div class=\"elementor-button-wrapper\">\n\t\t\t\t\t<a class=\"elementor-button elementor-button-link elementor-size-lg\" href=\"https:\/\/arsabelgonzalez.com\/index.php\/lima-voluntario\/\">\n\t\t\t\t\t\t<span class=\"elementor-button-content-wrapper\">\n\t\t\t\t\t\t<span class=\"elementor-button-icon\">\n\t\t\t\t<i aria-hidden=\"true\" class=\"fas fa-arrow-right\"><\/i>\t\t\t<\/span>\n\t\t\t\t\t\t\t\t\t<span class=\"elementor-button-text\">Ver m\u00e1s informaci\u00f3n<\/span>\n\t\t\t\t\t<\/span>\n\t\t\t\t\t<\/a>\n\t\t\t\t<\/div>\n\t\t\t\t\t\t\t\t<\/div>\n\t\t\t\t<\/div>\n\t\t\t\t\t<\/div>\n\t\t<\/div>\n\t\t\t\t<div class=\"elementor-column elementor-col-50 elementor-inner-column elementor-element elementor-element-7189b5d\" data-id=\"7189b5d\" data-element_type=\"column\">\n\t\t\t<div class=\"elementor-widget-wrap elementor-element-populated\">\n\t\t\t\t\t\t<div class=\"elementor-element elementor-element-3970e4a elementor-widget elementor-widget-html\" data-id=\"3970e4a\" data-element_type=\"widget\" data-widget_type=\"html.default\">\n\t\t\t\t<div class=\"elementor-widget-container\">\n\t\t\t\t\t<svg version=\"1.1\" xmlns=\"http:\/\/www.w3.org\/2000\/svg\" xmlns:xlink=\"http:\/\/www.w3.org\/1999\/xlink\" x=\"0px\" y=\"0px\" viewBox=\"0 0 243 153\" preserveAspectRatio=\"none\" data-gwd-grp-id=\"LIMA\" class=\"gwd-grp-g6uz gwd-svg-1qwk gwd-gen-zqaugwdanimation\">\r\n          <style type=\"text\/css\" class=\"gwd-grp-g6uz\">.st0{fill:#BED747}.st1{fill:#50B848}.st2{fill:#F0EAD8}<\/style>\r\n          <path class=\"st0 gwd-grp-g6uz\" d=\"M9,0h225c5,0,9,4,9,9v135c0,5-4,9-9,9H9c-5,0-9-4-9-9V9C0,4,4,0,9,0z\"><\/path>\r\n          <g class=\"gwd-grp-g6uz\">\r\n            <path class=\"st1 gwd-grp-g6uz\" d=\"M174.5,117.2h1.8v15.1h8.6v1.7h-10.4V117.2L174.5,117.2z\"><\/path>\r\n            <path class=\"st1 gwd-grp-g6uz\" d=\"M187.9,117.6c0.6,0,1.1,0.5,1.1,1.1s-0.5,1.1-1.1,1.1s-1.1-0.5-1.1-1.1S187.3,117.6,187.9,117.6z M187,122.5\r\n\t\th1.7V134H187V122.5z\"><\/path>\r\n            <path class=\"st1 gwd-grp-g6uz\" d=\"M192,122.5h1.7v1.4c0.2-0.3,0.5-0.6,0.8-0.8c0.6-0.4,1.3-0.8,2.5-0.8c1.4,0,2.3,0.5,2.9,1\r\n\t\tc0.3,0.3,0.6,0.6,0.8,1c0.2-0.4,0.5-0.7,0.9-1c0.6-0.5,1.6-1,3.1-1c2.5,0,4.4,1.7,4.4,4.9v6.8h-1.7v-6.8c0-2.2-1.2-3.4-2.9-3.4\r\n\t\ts-3.1,1.4-3.1,3.8v6.4h-1.7v-6.8c0-2.2-1.2-3.4-2.9-3.4s-3.1,1.4-3.1,3.8v6.4H192L192,122.5L192,122.5z\"><\/path>\r\n            <path class=\"st1 gwd-grp-g6uz\" d=\"M219.4,132.4c-0.2,0.3-0.6,0.6-0.9,0.9c-0.6,0.5-1.6,0.9-2.8,0.9c-2.4,0-4.1-1.7-4.1-3.4\r\n\t\tc0-1.9,1.2-3.1,3.4-3.5l4.4-0.7c0-1.7-1.2-2.9-2.9-2.9c-1,0-1.8,0.4-2.4,0.8c-0.3,0.3-0.6,0.5-0.9,0.8l-1.1-1.1\r\n\t\tc0.3-0.4,0.7-0.8,1.1-1.1c0.7-0.6,1.8-1.1,3.2-1.1c2.6,0,4.6,1.9,4.6,4.4v7.3h-1.7V132.4z M219.4,128.1l-4,0.7\r\n\t\tc-1.4,0.3-2.2,1-2.2,2c0,1,0.8,1.8,2.4,1.8c2.2,0,3.7-1.5,3.7-3.8L219.4,128.1L219.4,128.1z\"><\/path>\r\n          <\/g>\r\n          <g class=\"gwd-grp-g6uz\">\r\n            <path class=\"st2 gwd-grp-g6uz\" d=\"M30.5,15.1c1.6,0.3,3,1.5,3.2,3.1c0.1,0.7,0,1.4-0.4,2.1c-0.5,0.8-1.2,1.5-1.9,2.2l-3.9,3.9\r\n\t\tc-0.2,0.2-0.4,0.2-0.6,0l-3.9-3.9c-0.7-0.7-1.4-1.3-1.9-2.2c-0.4-0.7-0.5-1.3-0.4-2.1c0.2-1.6,1.6-2.9,3.2-3.1\r\n\t\tC24.5,15,30.1,15,30.5,15.1\"><\/path>\r\n            <path class=\"st2 gwd-grp-g6uz\" d=\"M30.5,39.5c1.6-0.3,3-1.5,3.2-3.1c0.1-0.7,0-1.4-0.4-2.1c-0.5-0.8-1.2-1.5-1.9-2.2l-3.9-3.9\r\n\t\tc-0.2-0.2-0.4-0.2-0.6,0l-3.9,3.9c-0.7,0.7-1.4,1.3-1.9,2.2c-0.4,0.7-0.5,1.3-0.4,2.1c0.2,1.7,1.6,2.9,3.2,3.1\r\n\t\tC24.5,39.6,30.1,39.6,30.5,39.5\"><\/path>\r\n            <path class=\"st2 gwd-grp-g6uz\" d=\"M15.1,24.1c0.3-1.6,1.5-3,3.1-3.2c0.7-0.1,1.4,0,2.1,0.4c0.8,0.5,1.5,1.2,2.2,1.9l3.9,3.9\r\n\t\tc0.2,0.2,0.2,0.4,0,0.6l-3.9,3.9c-0.7,0.7-1.3,1.4-2.2,1.9c-0.7,0.3-1.3,0.5-2.1,0.4c-1.6-0.2-2.9-1.6-3.1-3.2\r\n\t\tC15,30.1,15,24.5,15.1,24.1\"><\/path>\r\n            <path class=\"st2 gwd-grp-g6uz\" d=\"M39.5,24.1c-0.3-1.6-1.5-3-3.1-3.2c-0.7-0.1-1.4,0-2.1,0.4c-0.8,0.5-1.5,1.2-2.2,1.9L28.3,27\r\n\t\tc-0.2,0.2-0.2,0.4,0,0.6l3.9,3.9c0.7,0.7,1.3,1.4,2.2,1.9c0.7,0.3,1.3,0.5,2.1,0.4c1.7-0.2,2.9-1.6,3.1-3.2\r\n\t\tC39.6,30.1,39.6,24.5,39.5,24.1\"><\/path>\r\n          <\/g>\r\n        <\/svg>\t\t\t\t<\/div>\n\t\t\t\t<\/div>\n\t\t\t\t<div class=\"elementor-element elementor-element-aed75e6 elementor-widget elementor-widget-heading\" data-id=\"aed75e6\" data-element_type=\"widget\" data-widget_type=\"heading.default\">\n\t\t\t\t<div class=\"elementor-widget-container\">\n\t\t\t\t\t<h2 class=\"elementor-heading-title elementor-size-default\">Plan Lima Complementario<\/h2>\t\t\t\t<\/div>\n\t\t\t\t<\/div>\n\t\t\t\t<div class=\"elementor-element elementor-element-92ad422 elementor-widget elementor-widget-button\" data-id=\"92ad422\" data-element_type=\"widget\" data-widget_type=\"button.default\">\n\t\t\t\t<div class=\"elementor-widget-container\">\n\t\t\t\t\t\t\t\t\t<div class=\"elementor-button-wrapper\">\n\t\t\t\t\t<a class=\"elementor-button elementor-button-link elementor-size-lg\" href=\"https:\/\/arsabelgonzalez.com\/index.php\/lima-complementario\/\">\n\t\t\t\t\t\t<span class=\"elementor-button-content-wrapper\">\n\t\t\t\t\t\t<span class=\"elementor-button-icon\">\n\t\t\t\t<i aria-hidden=\"true\" class=\"fas fa-arrow-right\"><\/i>\t\t\t<\/span>\n\t\t\t\t\t\t\t\t\t<span class=\"elementor-button-text\">Ver m\u00e1s informaci\u00f3n<\/span>\n\t\t\t\t\t<\/span>\n\t\t\t\t\t<\/a>\n\t\t\t\t<\/div>\n\t\t\t\t\t\t\t\t<\/div>\n\t\t\t\t<\/div>\n\t\t\t\t\t<\/div>\n\t\t<\/div>\n\t\t\t\t\t<\/div>\n\t\t<\/section>\n\t\t\t\t\t<\/div>\n\t\t<\/div>\n\t\t\t\t\t<\/div>\n\t\t<\/section>\n\t\t\t\t<\/div>\n\t\t","protected":false},"excerpt":{"rendered":"<p>Plan Lima Voluntario Ver m\u00e1s informaci\u00f3n Plan Lima Complementario Ver m\u00e1s informaci\u00f3n<\/p>\n","protected":false},"author":1,"featured_media":0,"parent":0,"menu_order":0,"comment_status":"closed","ping_status":"closed","template":"","meta":{"footnotes":""},"class_list":["post-2180","page","type-page","status-publish","hentry"],"_links":{"self":[{"href":"https:\/\/arsabelgonzalez.com\/index.php\/wp-json\/wp\/v2\/pages\/2180","targetHints":{"allow":["GET"]}}],"collection":[{"href":"https:\/\/arsabelgonzalez.com\/index.php\/wp-json\/wp\/v2\/pages"}],"about":[{"href":"https:\/\/arsabelgonzalez.com\/index.php\/wp-json\/wp\/v2\/types\/page"}],"author":[{"embeddable":true,"href":"https:\/\/arsabelgonzalez.com\/index.php\/wp-json\/wp\/v2\/users\/1"}],"replies":[{"embeddable":true,"href":"https:\/\/arsabelgonzalez.com\/index.php\/wp-json\/wp\/v2\/comments?post=2180"}],"version-history":[{"count":7,"href":"https:\/\/arsabelgonzalez.com\/index.php\/wp-json\/wp\/v2\/pages\/2180\/revisions"}],"predecessor-version":[{"id":2187,"href":"https:\/\/arsabelgonzalez.com\/index.php\/wp-json\/wp\/v2\/pages\/2180\/revisions\/2187"}],"wp:attachment":[{"href":"https:\/\/arsabelgonzalez.com\/index.php\/wp-json\/wp\/v2\/media?parent=2180"}],"curies":[{"name":"wp","href":"https:\/\/api.w.org\/{rel}","templated":true}]}}